49047493?
4
What is the millions digit of 516109529?
6
What is the ten thousands digit of 11646400?
4
What is the units digit of 5414547989?
9
What is the hundred thousands digit of 41257894?
2
What is the ten millions digit of 802728961?
0
What is the units digit of 115228284?
4
What is the units digit of 8116908214?
4
What is the millions digit of 111657380?
1
What is the hundred thousands digit of 81852978?
8
What is the ten millions digit of 5496379847?
9
What is the units digit of 221416357?
7
What is the ten millions digit of 36723157?
3
What is the ten thousands digit of 1490788813?
8
What is the hundreds digit of 79831314?
3
What is the ten millions digit of 6055643559?
5
What is the hundred thousands digit of 1899644?
8
What is the ten thousands digit of 28055622?
5
What is the millions digit of 1212523551?
2
What is the hundred millions digit of 1288287286?
2
What is the tens digit of 464913279?
7
What is the ten millions digit of 139176471?
3
What is the hundred thousands digit of 25453589?
4
What is the tens digit of 1325306013?
1
What is the thousands digit of 223122916?
2
What is the hundreds digit of 39004604?
6
What is the units digit of 186317325?
5
What is the hundred thousands digit of 18077583?
0
What is the hundred thousands digit of 316417488?
4
What is the ten thousands digit of 19028397?
2
What is the hundreds digit of 55514078?
0
What is the hundred thousands digit of 2143265923?
2
What is the tens digit of 882132169?
6
What is the millions digit of 150703105?
0
What is the ten thousands digit of 133347396?
4
What is the units digit of 16456492?
2
What is the tens digit of 7083116?
1
What is the thousands digit of 1531111108?
1
What is the hundred thousands digit of 60038688?
0
What is the ten millions digit of 1007396776?
0
What is the units digit of 58789873?
3
What is the units digit of 18088028?
8
What is the millions digit of 36478484?
6
What is the ten thousands digit of 3940950911?
5
What is the hundred thousands digit of 719256639?
2
What is the thousands digit of 6169823700?
3
What is the units digit of 6809291559?
9
What is the hundred thousands digit of 148561575?
5
What is the units digit of 108297409?
9
What is the units digit of 780828093?
3
What is the ten thousands digit of 689374858?
7
What is the hundred thousands digit of 46441041?
4
What is the ten millions digit of 305855946?
0
What is the millions digit of 1491364378?
1
What is the tens digit of 1539934679?
7
What is the ten millions digit of 69063690?
6
What is the ten thousands digit of 3330138574?
3
What is the units digit of 123653510?
0
What is the thousands digit of 43157293?
7
What is the hundreds digit of 117347861?
8
What is the tens digit of 64340919?
1
What is the units digit of 385310536?
6
What is the hundreds digit of 100894203?
2
What is the hundreds digit of 335321541?
5
What is the hundred millions digit of 684234077?
6
What is the ten thousands digit of 55984114?
8
What is the ten millions digit of 91456514?
9
What is the millions digit of 154629257?
4
What is the hundreds digit of 158017901?
9
What is the hundred thousands digit of 68188380?
1
What is the hundred thousands digit of 1845347002?
3
What is the hundred millions digit of 992222074?
9
What is the hundred millions digit of 250174608?
2
What is the thousands digit of 127171827?
1
What is the hundred millions digit of 306779460?
3
What is the millions digit of 36129617?
6
What is the tens digit of 6453397120?
2
What is the hundreds digit of 427093624?
6
What is the units digit of 169573371?
1
What is the thousands digit of 1001030603?
0
What is the units digit of 1473925035?
5
What is the thousands digit of 4368749416?
9
What is the ten thousands digit of 77255879?
5
What is the billions digit of 1637907708?
1
What is the hundred millions digit of 591871848?
5
What is the hundreds digit of 173314131?
1
What is the billions digit of 1053850602?
1
What is the tens digit of 70994147?
4
What is the millions digit of 2336296049?
6
What is the thousands digit of 467471461?
1
What is the hundred thousands digit of 22345556?
3
What is the hundreds digit of 1484649612?
6
What is the hundreds digit of 1015789397?
3
What is the tens digit of 15216555?
5
What is the hundreds digit of 112162592?
5
What is the thousands digit of 1767719569?
9
What is the units digit of 88773?
3
What is the tens digit of 7143051?
5
What is the tens digit of 738705?
0
What is the hundred millions digit of 989389274?
9
What is the ten thousands digit of 97984666?
8
What is the thousands digit of 235052559?
2
What is the hundred millions digit of 142105503?
1
What is the units digit of 174534303?
3
What is the tens digit of 5943344072?
7
What is the ten thousands digit of 33103697?
0
What is the ten millions digit of 360168777?
6
What is the ten millions digit of 146029472?
4
What is the ten millions digit of 39378327?
3
What is the hundreds digit of 518557702?
7
What is the tens digit of 974004947?
4
What is the ten thousands digit of 1030721292?
2
What is the millions digit of 74310303?
4
What is the millions digit of 281047145?
1
What is the hundreds digit of 969673501?
5
What is the ten millions digit of 4262619580?
6
What is the hundred thousands digit of 148685776?
6
What is the tens digit of 73595848?
4
What is the hundred millions digit of 106248952?
1
What is the tens digit of 20552996?
9
What is the units digit of 123232150?
0
What is the tens digit of 416878012?
1
What is the units digit of 2019304571?
1
What is the ten millions digit of 349624884?
4
What is the hundred thousands digit of 132096768?
0
What is the units digit of 1789496426?
6
What is the units digit of 55898686?
6
What is the units digit of 633444?
4
What is the ten thousands digit of 25819612?
1
What is the ten millions digit of 22524114?
2
What is the hundreds digit of 16956004?
0
What is the millions digit of 90199173?
0
What is the ten millions digit of 291585323?
9
What is the hundred thousands digit of 64829229?
8
What is the thousands digit of 780291190?
1
What is the hundred thousands digit of 1591442936?
4
What is the units digit of 1836104873?
3
What is the ten thousands digit of 237286988?
8
What is the tens digit of 750369967?
6
What is the hundred millions digit of 2112325034?
1
What is the ten millions digit of 66654886?
6
What is the thousands digit of 63405616?
5
What is the hundred millions digit of 561178520?
5
What is the thousands digit of 4438079185?
9
What is the units digit of 1971165259?
9
What is the ten millions digit of 1819815207?
1
What is the tens digit of 3091705338?
3
What is the millions digit of 49663899?
9
What is the hundreds digit of 559956608?
6
What is the millions digit of 229601121?
9
What is the hundred thousands digit of 125202455?
2
What is the hundred thousands digit of 1198082511?
0
What is the tens digit of 1191045605?
0
What is the hundreds digit of 56533869?
8
What is the billions digit of 1768737289?
1
What is the hundred thousands digit of 102038628?
0
What is the hundreds digit of 183506518?
5
What is the ten thousands digit of 107535286?
3
What is the ten thousands digit of 255494306?
9
What is the thousands digit of 64649721?
9
What is the hundred thousands digit of 185340059?
3
What is the units digit of 52933438?
8
What is the units digit of 24455089?
9
What is the hundred thousands digit of 7712657953?
6
What is the ten millions digit of 1303649409?
0
What is the hundred millions digit of 2012665865?
0
What is the hundred millions digit of 526129730?
5
What is the thousands digit of 80515403?
5
What is the hundred thousands digit of 76293658?
2
What is the ten thousands digit of 50578360?
7
What is the hundreds digit of 3510576283?
2
What is the ten millions digit of 12381004?
1
What is the ten millions digit of 48323449?
4
What is the ten thousands digit of 100958725?
5
What is the millions digit of 1151395188?
1
What is the hundred millions digit of 169512808?
1
What is the thousands digit of 746997149?
7
What is the hundreds digit of 41354832?
8
What is the ten thousands digit of 3289599?
8
What is the units digit of 40363097?
7
What is the millions digit of 42376588?
2
What is the units digit of 3985818?
8
What is the ten millions digit of 20886701?
2
What is the 